 - -24.
-122
Calculate -22 + 30 - -18 - (-16 + 5).
37
What is -19 + -38 + 0 + -9 + 1 + 14 + 16?
-35
Calculate -28 - (41 + -40 + 9).
-38
-220 + 195 + (5 - 4 - 3)
-27
What is the value of -4031 + 4024 + (2 - 41)?
-46
Calculate -21 + (74 - 3) + -28 - 0.
22
What is the value of 26 - (-12 - -32) - 9 - -7 - 92?
-88
Evaluate (18 - ((-1 - 8) + 9 - -86)) + 4.
-64
Evaluate (17 - (28 - 27)) + 5.
21
What is 19 - (68 - (-81 + 90 + -14 + 3))?
-51
Evaluate -1 + 15 - (-5 - (12 - 8 - -13)).
36
Calculate -8 + 2 + (5 - (-24 + -17)).
40
Calculate -10 + (-82 - -31) + 49.
-12
Calculate (-5 - 24 - (36 + -38)) + -70.
-97
Calculate -19 + (-219 - -229) + (2 - -13).
6
Calculate -23 + 10 + -13 + 12 + -15.
-29
Calculate 16 + 2 + 24 + -4.
38
-31 + 2 + (-15 - -19) + 13 - -68
56
Evaluate (-16 + 16 - 15) + 17 - (0 - -24).
-22
What is the value of 17 - 10 - -10 - (-34 - -148)?
-97
Evaluate -37 - (-55 - 22 - -114).
-74
What is (139 - 81) + -109 + 54?
3
Calculate 8 + (17 - 2) + -26 + 2.
-1
Calculate 178 - 273 - -146 - (3 + 2 - (0 + 1)).
47
Evaluate (4 - (10 + (-6 - -5) - 9)) + 75 + -12.
67
What is 23 + -14 + (-6 + -1 - (145 + -145) - 52)?
-50
Calculate -31 + (-7 - ((7 - 14) + 20 + -11)).
-40
What is the value of (28 - 3) + -36 + 20 - 15?
-6
Evaluate 67 - (-31 + (-18 - -84)).
32
What is (-3405 - -3429) + (3 + -2 - (1 + -20))?
44
What is the value of -32 + 6 + -3 + -341 + 450?
80
Calculate (-49 - (-4 - 73)) + -49 + 15.
-6
-16 + 46 + -30 - (3 - (-13 - -6))
-10
Calculate 79 - (1 + 65 - (538 + -508)).
43
Calculate 9961 - 9836 - (0 - 1).
126
What is 1 + -109 - (66 + 1 + -94)?
-81
Evaluate -68 - (-237 - (54 - 165)).
58
Evaluate -129 + 6 - (713 - 895).
59
(-1468 - -1513) + (-27 - -2) + 1
21
Evaluate 6 + 81 - (-3 - (1 - 6) - -5).
80
Calculate 4 + -39 + 59 + (-85 - -28).
-33
What is the value of (-1442 - -1558) + (-93 - 3)?
20
What is -27 + (-27 - -119) + 11 + -39?
37
What is the value of (18 - 0 - -12) + -57?
-27
Calculate 98 + -175 + 96 + 0 + -11.
8
1 - (-6 + 20 + 7) - -14
-6
What is 13 - (-77 + (229 - 63))?
-76
(-14 - -20) + (9 - (1 + 10))
4
Calculate -1 - 12 - (-39 + 65 + 9 + -27).
-21
Calculate 25 + (-14 - 0) + (36 - (77 - 69)).
39
What is (7148 - 7184) + (2 - -100)?
66
Calculate (0 + 0 + -3 - -55) + 102 + -113.
41
What is (-69 - 3) + 63 + -40?
-49
Calculate (-2 + -8 - 1 - (-94 - 72 - -166)) + -40.
-51
-71 + (-577 - -557 - (-1 - 31))
-59
-1 - ((6 - 23) + 17 + 5 + 7 + 12)
-25
What is the value of 6 + -103 + 82 - (-8 + 2)?
-9
Evaluate -46 + (10 - (-19 + 38)) + -3 + 6 + 3.
-49
What is 71 + -4 + 0 + (-563 - -583)?
87
What is (36 - 69) + 59 + 38?
64
Evaluate 1 + -10 - (-71 + -16 + 75) - -12.
15
What is -180 - (4 + -131 + 3)?
-56
What is (-58 - -40) + (-5 - (6 - (-2 + 6)))?
-25
What is 64 - (-5 + -12 + 61 + -14 - 11)?
45
Evaluate 20 - (-3 - -1) - (145 - 0 - 27).
-96
-1 - -8 - (-42 + 18 + -4)
35
45 - (33 + -47 + 16)
43
Evaluate 6 + (-29 - -1) - (16 - (36 + -103)).
-105
What is (-3 - 11) + -79 - (17 - 15 - 15)?
-80
Calculate 5 - (-4 + -5 + (2 - -9) - (2 - 32)).
-27
Calculate -7 + (3 + 2 + -11 - 6) + -56 + 109.
34
-23 + (-116 - -95) + -4 + 26
-22
Evaluate -1 - 4 - (-707 - -646).
56
What is -44 - (-19 + 6) - (2 - (8 - 15))?
-40
Evaluate -120 - (-105 + (-15 - -97)).
-97
Evaluate -31 - (2 - (-35 - -22 - -14)).
-32
42 + (-450 + 435 - (11 + 0))
16
Evaluate (-14 + 21 - -9) + -10 - (-37 + 3).
40
What is the value of 3 + (-2 - 10 - (-36 + 22)) + (115 - -2)?
122
Calculate 6 + 114 + -37 + -78.
5
Calculate -6 + -17 + (27 - 2) - -38.
40
What is the value of -13 + (10 + -29 + 6 - (-50 + 25))?
-1
Evaluate (32 + 6 + -23 - (23 + -19)) + -77.
-66
What is -124 + 43 + (-153 - -296)?
62
Calculate 6 + 3 + 2 + 76 + (-1459 - -1477).
105
What is (53 - 24 - 24 - 12 - 21) + (-10 - 0)?
-38
What is the value of 6 + (-43 - (1 - 15)) + 2 + -4?
-25
What is the value of (17 - 41) + -322 + 250?
-96
-4475 + 4611 + -1 + -34 - (-2 + 0)
103
What is the value of 12 - ((6 - 26) + (111 - 82))?
3
What is the value of (14 - (12 - -11) - (1 + 1)) + (5 - 60)?
-66
Calculate 46 + (-91 - (35 - 72)).
-8
Calculate 33 + -6 + (-2 + 30 - 18).
37
Evaluate -1 + (-8 - -30) + 22 - (4 - -1).
38
Calculate 213 + (-157 - -100) + -56.
100
Evaluate -29 + -36 + 82 + (-14 + 1 - -2).
6
-58 + -52 + 203 - -28
121
What is -34 - -146 - 5 - (2 - 7) - (0 - -9)?
103
Evaluate -186 + (11 - (-123 - -27)).
-79
78 + (-11 - 51) - (7 - 84)
93
Calculate 132 + -118 + -1 + 0 - 48.
-35
Evaluate 31 - (118 + (1 - 37)).
-51
What is -2 - (-24 - (29 + -27 + -20))?
4
Evaluate -19 + 23 + (2 - 46) - (1 - 5).
-36
What is -183 + 181 + (9 - 90)?
-83
What is 0 - -6 - (-89 + 101 + -1 + -2 + 14)?
-17
Evaluate 85 + (-35 - (0 - -47)).
3
102 + -25 - (49 - 29)
57
Evaluate 89 - (-36 - (-30 + -60)).
35
What is 2 + 30 + (8 - (2 + 5 + 14 + -15))?
34
What is the value of 3 + (-22 + 7 - -59) + -11?
36
-3395 + 3405 - (14 + 1 - (1 + -1))
-5
What is the value of -1 + 4 + (25 + -60 - -37) + 17?
22
What is -24 - (94 + 3 - 174)?
53
-16 + 47 - (15 + (-18 - -12))
22
What is the value of -5 + -4 + (-1 - 0) + (-63 - (-3 - 42))?
-28
Calculate (12 + -11 + 11 - (-1 - 0)) + 34.
47
What is (23 - (-40 - -24 - 7)) + -18?
28
-101 - (50 - (69 + 19))
-63
Evaluate 39 + -30 + -9 - -26.
26
Evaluate (12 + -18 - 15) + (-7 - -47).
19
What is (-57 - -272 - 255) + 16 + 1?
-23
Calculate -46 - ((2 - -8) + 156 + -184 - -39).
-67
What is the value of 15 - (1 + -19) - 44?
-11
What is the value of 125 - (-67 - -256) - (0 + -1 - 8)?
-55
21 + (5 - -54) - 33
47
Calculate (2 - -20) + (282 - 267).
37
63 + -222 + 104 + 86
31
Evaluate 63 + (-19 + 49 + -37 - 34).
22
-792 + 782 - (-38 + -3 + 4)
27
2 + 0 - 6 - (5 + -23 + 11 + -48)
51
What is the value of 10 - (-4 - 28 - (11 - 10)) - 1?
42
What is -16 + (4 - 8 - -4 - -3) + -19?
-32
What is the value of 6 + -4 + -15 + ((-38 - -21) + 35 - 16)?
-11
Evaluate (-39 - (29 - 15)) + (-4 - 1) + 12 + 3.
-43
Evaluate 33 - (-48 + 37 + 71).
-27
Evaluate 10 + 47 + -45 + -56.
-44
What is the value of -12 + (-19 - (-6 + -12 - -1 - -12))?
-26
What is the value of -12 + 122 + (-464 - -405)?
51
Evaluate 56 - (1 + 5 - (0 - -3) - (-7 + 0)).
46
Evaluate (-45 + -1 - (-438 + 486)) + 49.
-45
What is the value of -42 + 1 + 0 - (2 + 52 + (1339 - 1391))?
-43
Evaluate -9 + -16 + -4 + (-8 - 15) + 14.
-38
Evaluate 68 - 21 - 78 - 38.
-69
-19 + 3 + -18 + 28 - -22 - -68
84
What is the value of 85 - (-4 + 34) - 13?
42
Evaluate 242 - 222 - (100 - (6 - -1)).
-73
What is the value of 2 + -6 + (17 - (149 - (12 + -15 + 27)))?
-112
What is the value of -15 - (19 + -15 + (-12 - -2) - (-69 - 3))?
-81
(-6 - 121 - -5) + (-60 - -79) + 18
-85
Calculate 102 + -68 - (-1 - (1 - (-1 - 8))).
45
Evaluate (-1108 - -1101) + (1 - 13) + -2.
-21
Evaluate -19 - -7 - (-5 + (21 - (3 + 10)) + 7).
-22
What is the value of -1 - -3 - 9 - (15 + (2 - (10 + -14)))?
-28
Calculate (8 + -53 - (10 + (-13 - 0))) + (-4 - -3).
-43
Calculate -3 + -1 + (-590 - -590).
-4
Calculate 152 - -9 - (2146 + -1951).
-34
What is -1070 + 1117 - (3 - 38) - (-3 + 0 + 0)?
85
What is -9 + 3 + -4 - (-57 + -2 + (55 - 47))?
41
Calculate -108 + 39 - (10 - 34).
-45
75 + 113 + (-117 - 99)
-28
What is -63 + (-19 - -48) + 61?
27
Evaluate 90 + -111 + 27 + -2 - -81.
85
What is the value of 2 + (3 - (19 - 2)) - (173 - 178)?
-7
What is the value of -4 + -44 + 252 + -265?
-61
What is the value of (5 - 5 - -7) + -17 + 10 + 4?
4
Calculate -2 - (-14 - -2) - (41 - (107 - (34 - -24))).
18
Evaluate -4 + 108 + -12 + -58 + 23 + 36.
93
What is the value of 10 - ((-27 - -65) + -19) - -3?
-6
What is the value of -16 + (-7 + 25 - 40 - 3)?
-41
What is the value of -6 - (-3 - -10 - -24) - (4 - -9)?
-50
(-44 - (-10 + 50)) + 138
54
Calculate -49 + 43 + -63 - -193.
124
What is the value of 1 + (33 - (13 - -31)) + 51?
41
What is the value of (-29 - -63) + -63 + -22 + -2?
-53
-9 + (-1 - -38) + 10 - 8 - 1
29
Evaluate (-101 - -36) + (63 - 22).
-24
-1 - ((1 - 13) + (324 - 298))
-15
What is the value of -104 + (130 - -8) - -91?
125
What is 3 - -32 - (-1446 - -1594)?
-113
What is 59 + (-3 - -1) - (-2746 - -2721)?
82
What is (-10712 - -10725) + (-61 - -1)?
-47
Evaluate (-11 - -9 - 0 - 1 - 46) + (-2 - -1).
-50
What is the value of 0 + -73 - (-22 + (57 - -3) + -38)?
-73
What is the value of (7 - -2 - (-22 - (-12 - 22))) + -129?
-132
-7 + 11 + 15 + -35 - 4
-20
Calculate 3 - ((13 - 2) + 3) - (-37 - (-59 - 21)).
-54
Eval